is the tens digit of 15881186?
8
What is the units digit of 158760382?
2
What is the hundred thousands digit of 29707817?
7
What is the units digit of 107483326?
6
What is the millions digit of 97409654?
7
What is the thousands digit of 128247057?
7
What is the ten thousands digit of 4042160568?
6
What is the hundred millions digit of 663107602?
6
What is the hundreds digit of 2002219431?
4
What is the ten millions digit of 579035103?
7
What is the tens digit of 268611107?
0
What is the hundred thousands digit of 214912373?
9
What is the hundred millions digit of 202509645?
2
What is the ten millions digit of 3949529952?
4
What is the ten millions digit of 2354107572?
5
What is the thousands digit of 52322144?
2
What is the thousands digit of 257098445?
8
What is the ten millions digit of 2865120349?
6
What is the units digit of 7800600?
0
What is the units digit of 29847507?
7
What is the hundreds digit of 899507?
5
What is the billions digit of 4703249487?
4
What is the hundred millions digit of 633230458?
6
What is the tens digit of 65359424?
2
What is the ten millions digit of 4156517311?
5
What is the hundred millions digit of 3983823779?
9
What is the hundred thousands digit of 2560440849?
4
What is the hundred thousands digit of 251409619?
4
What is the ten thousands digit of 1308883487?
8
What is the millions digit of 1210564682?
0
What is the thousands digit of 105580724?
0
What is the tens digit of 627651740?
4
What is the ten thousands digit of 606843430?
4
What is the units digit of 6352231?
1
What is the hundreds digit of 1692970328?
3
What is the hundred thousands digit of 839887435?
8
What is the ten millions digit of 211436583?
1
What is the hundred thousands digit of 106463246?
4
What is the hundreds digit of 217984373?
3
What is the hundred thousands digit of 90463225?
4
What is the tens digit of 6402676993?
9
What is the billions digit of 2152657338?
2
What is the thousands digit of 18743203?
3
What is the units digit of 8460825806?
6
What is the tens digit of 142289640?
4
What is the units digit of 161369001?
1
What is the millions digit of 28655258?
8
What is the ten thousands digit of 63733204?
3
What is the hundred thousands digit of 28632031?
6
What is the ten millions digit of 6895527569?
9
What is the thousands digit of 204866326?
6
What is the tens digit of 4490388640?
4
What is the units digit of 72038236?
6
What is the hundred thousands digit of 118805538?
8
What is the hundreds digit of 786556396?
3
What is the ten thousands digit of 2914032217?
3
What is the hundred thousands digit of 281154950?
1
What is the hundred thousands digit of 1075378299?
3
What is the ten thousands digit of 4399545585?
4
What is the ten millions digit of 61790405?
6
What is the millions digit of 2685481574?
5
What is the hundred thousands digit of 128543565?
5
What is the hundred millions digit of 910545545?
9
What is the hundred thousands digit of 74883036?
8
What is the ten thousands digit of 229219969?
1
What is the millions digit of 1490839?
1
What is the hundred millions digit of 1015056274?
0
What is the tens digit of 464247560?
6
What is the units digit of 48159670?
0
What is the ten millions digit of 45826195?
4
What is the tens digit of 187871348?
4
What is the units digit of 65487202?
2
What is the hundreds digit of 283265602?
6
What is the tens digit of 2599864?
6
What is the millions digit of 136405119?
6
What is the ten thousands digit of 86430689?
3
What is the hundred thousands digit of 82584292?
5
What is the units digit of 688402463?
3
What is the ten millions digit of 210282739?
1
What is the hundreds digit of 186755037?
0
What is the millions digit of 25044145?
5
What is the ten thousands digit of 28085289?
8
What is the ten millions digit of 147802467?
4
What is the tens digit of 60073871?
7
What is the ten thousands digit of 208117635?
1
What is the millions digit of 42552104?
2
What is the tens digit of 121048416?
1
What is the hundred thousands digit of 298386919?
3
What is the tens digit of 1389914128?
2
What is the hundreds digit of 32286385?
3
What is the ten millions digit of 88529427?
8
What is the hundred thousands digit of 2474125?
4
What is the hundred thousands digit of 26556188?
5
What is the tens digit of 69797440?
4
What is the thousands digit of 94563298?
3
What is the tens digit of 2685961884?
8
What is the tens digit of 143556845?
4
What is the hundreds digit of 6576464364?
3
What is the thousands digit of 118841978?
1
What is the hundred millions digit of 396585670?
3
What is the tens digit of 9714061?
6
What is the hundred millions digit of 623246153?
6
What is the tens digit of 34348536?
3
What is the units digit of 95341427?
7
What is the hundreds digit of 76493099?
0
What is the units digit of 2780363?
3
What is the tens digit of 1025479575?
7
What is the hundred thousands digit of 401825884?
8
What is the hundred thousands digit of 515491320?
4
What is the thousands digit of 7373722156?
2
What is the units digit of 1054214915?
5
What is the ten millions digit of 73661921?
7
What is the hundred millions digit of 1091824648?
0
What is the thousands digit of 651979119?
9
What is the hundred thousands digit of 61184762?
1
What is the tens digit of 392351173?
7
What is the thousands digit of 1392572685?
2
What is the hundred thousands digit of 98782030?
7
What is the hundreds digit of 92658129?
1
What is the units digit of 923122034?
4
What is the hundred thousands digit of 3631408559?
4
What is the ten thousands digit of 55955028?
5
What is the thousands digit of 1814778671?
8
What is the units digit of 35335726?
6
What is the millions digit of 3969996280?
9
What is the units digit of 61586197?
7
What is the tens digit of 5945123280?
8
What is the thousands digit of 35398201?
8
What is the hundreds digit of 74112549?
5
What is the ten millions digit of 165104366?
6
What is the hundred thousands digit of 782345648?
3
What is the units digit of 1675324031?
1
What is the ten millions digit of 1005153061?
0
What is the ten thousands digit of 34936856?
3
What is the thousands digit of 165996066?
6
What is the tens digit of 394498840?
4
What is the ten millions digit of 88080750?
8
What is the ten millions digit of 50979447?
5
What is the hundred thousands digit of 557270742?
2
What is the ten millions digit of 421510764?
2
What is the thousands digit of 68443599?
3
What is the thousands digit of 1124423341?
3
What is the hundred millions digit of 2321578933?
3
What is the hundred thousands digit of 2837571068?
5
What is the millions digit of 4222503259?
2
What is the hundreds digit of 883306547?
5
What is the ten millions digit of 773550508?
7
What is the units digit of 565928771?
1
What is the thousands digit of 2047418382?
8
What is the hundreds digit of 46220006?
0
What is the hundreds digit of 81468405?
4
What is the thousands digit of 514043417?
3
What is the tens digit of 111101930?
3
What is the hundred thousands digit of 45547874?
5
What is the millions digit of 271830476?
1
What is the tens digit of 51212870?
7
What is the units digit of 449540563?
3
What is the ten millions digit of 45790603?
4
What is the tens digit of 240464184?
8
What is the thousands digit of 399077044?
7
What is the units digit of 7104941544?
4
What is the ten millions digit of 48493981?
4
What is the tens digit of 8368674?
7
What is the ten millions digit of 3668729634?
6
What is the ten millions digit of 1717659974?
1
What is the hundred millions digit of 1572218843?
5
What is the hundreds digit of 220121956?
9
What is the billions digit of 4108528837?
4
What is the units digit of 1730366348?
8
What is the ten thousands digit of 2984867228?
6
What is the hundred thousands digit of 136653036?
6
What is the units digit of 43678912?
2
What is the thousands digit of 4723210959?
0
What is the thousands digit of 290254342?
4
What is the ten thousands digit of 392574017?
7
What is the millions digit of 1617609389?
7
What is the ten thousands digit of 96104835?
0
What is the millions digit of 75652287?
5
What is the ten thousands digit of 8418199402?
9
What is the ten millions digit of 59523190?
5
What is the ten thousands digit of 1325107931?
0
What is the ten thousands digit of 379208423?
0
What is the hundred thousands